{"id":1050,"date":"2016-01-16T19:42:53","date_gmt":"2016-01-16T18:42:53","guid":{"rendered":"http:\/\/dreptak.il.pw.edu.pl\/?page_id=1050"},"modified":"2016-01-22T19:25:30","modified_gmt":"2016-01-22T18:25:30","slug":"history","status":"publish","type":"page","link":"https:\/\/dreptak.il.pw.edu.pl\/?page_id=1050&lang=en","title":{"rendered":"History"},"content":{"rendered":"<p><strong>HISTORY OF ALL-KIND-OF-TOURISM CLUB DREPTAK<\/strong><\/p>\n<p>\tThe Club was established on 05.11.1968 as a Club of Walking Tourism Dreptak (Klub Turystyki Pieszej Dreptak. On 12.11.1976 Club name was changed to All-Kind-Of-Tourism Club Dreptak. The main thing that led to establishing of Club was that the Faculty Authorities issued a decree, that financial means for tourist activities will be granted just to faculty clubs. Fortunately there were some enthusiastic tourists studying on faculty and they made decision of forming such club. Name Dreptak was created during competition for new club badge that was held for students of faculty. Project of Karol Halwic had won and he became first Chairman of Dreptak. At first the Club wasn\u2019t so big \u2013 just a few people from Theory of Structures specialization and their\u2019s friends. Written source of Dreptak\u2019s history was created in 1975 \u2013 Dreptak Chronicle \u2013 contains much information about the Club and it\u2019s story.<\/p>\n<p>Cho\u0107 obecnie Klub zajmuje si\u0119 g\u0142\u00f3wnie turystyk\u0105 g\u00f3rsk\u0105 i\u00a0skupia stosunkowo niewielk\u0105 (lecz stale rosn\u0105c\u0105) grup\u0119 cz\u0142onk\u00f3w i\u00a0sympatyk\u00f3w, to\u00a0jednak jego charakter w\u00a0drugiej po\u0142owie lat 70. by\u0142 zdecydowanie inny. Wi\u0119ksze imprezy odbywa\u0142y si\u0119 w\u00f3wczas w\u00a0niezbyt odleg\u0142ych od\u00a0Warszawy okolicach i\u00a0bywa\u0142o \u017ce\u00a0uczestniczy\u0142o w\u00a0nich ponad 150 os\u00f3b. Organizacja takich imprez, w\u0142a\u015bciwie ju\u017c o\u00a0charakterze masowym, stanowi\u0142a du\u017ce wyzwanie. Pisz\u0105c o\u00a0wi\u0119kszych imprezach nie spos\u00f3b pomin\u0105\u0107 trzech tradycyjnych Rajd\u00f3w Dreptaka: \u201eRajdzie Pierwszego Roku\u201d, \u201eRajdzie Nietoperz\u201d, oraz \u201eRajdzie Cielak\u201d. Opr\u00f3cz rajd\u00f3w organizowanych dla du\u017cych grup odbywa\u0142y si\u0119 tak\u017ce bardziej kameralne wyjazdy w\u00a0g\u00f3ry, zar\u00f3wno piesze jak i\u00a0narciarskie. W\u00a01975 r. narodzi\u0142a si\u0119 w\u00a0Klubie idea budowy schroniska student\u00f3w In\u017cynierii L\u0105dowej. W\u00a01976 r. na\u00a0prze\u0142omie lutego i\u00a0marca odby\u0142 si\u0119 wyjazd inwentaryzacyjny do\u00a0Maniowa w\u00a0Bieszczadach. Ju\u017c latem 1977 r. za\u0142o\u017cono tam baz\u0119 namiotow\u0105, a\u00a0nawet wzniesiono szop\u0119 maj\u0105c\u0105 by\u0107 w\u00a0przysz\u0142o\u015bci sk\u0142adem drewna dla planowanej chatki. Niestety by\u0142a to pierwsza i\u00a0zarazem ostatnia pr\u00f3ba zorganizowania schroniska. Zabrak\u0142o os\u00f3b sk\u0142onnych zajmowa\u0107 si\u0119 tym pomys\u0142em, a\u00a0teren b\u0119d\u0105cy jeszcze d\u0142ugie lata w\u00a0posiadaniu Wydzia\u0142u zosta\u0142 po\u00a0transformacjach ustrojowych odsprzedany w\u00a0prywatne r\u0119ce.<\/p>\n<p align=\"left\">\u00a0\u00a0\u00a0\u00a0\u00a0\u00a0\u00a0\u00a0\u00a0\u00a0\u00a0 Dreptak tamtych czas\u00f3w to\u00a0r\u00f3wnie\u017c, organizowana w\u00a0miar\u0119 \u00f3wczesnych mo\u017cliwo\u015bci, turystyka zagraniczna. Zagraniczne wyprawy odbywa\u0142y si\u0119 najcz\u0119\u015bciej do\u00a0tzw. \u201edemolud\u00f3w\u201d (czyli Kraj\u00f3w Demokracji Ludowej), ale w\u00a01976 r. Klub otrzyma\u0142 przydzia\u0142 44 miejsc w\u00a0Kraju, 9 w\u00a0KDL i\u00a0a\u017c 5 miejsc w\u00a0KK (czyli tzw. krajach kapitalistycznych) na\u00a0organizowanych przez \u201eAlmatur\u201d letnich obozach. Zaowocowa\u0142o to\u00a0m.in. wyjazdami do\u00a0Francji, Belgii i\u00a0RFN, W\u0142och i\u00a0Austrii, Turcji, na\u00a0Krym i\u00a0do\u00a0Samarkandy. Jednocze\u015bnie, dwa razy, w\u00a0latach 1976 i\u00a01977, pr\u00f3bowano zorganizowa\u0107 wyprawy do\u00a0Afganistanu. Zamiar na\u00a0\u00f3wczesne czasy by\u0142 bardzo \u015bmia\u0142y i niestety za ka\u017cdym razem biurokratyczne przeszkody okaza\u0142y si\u0119 nie do\u00a0pokonania i\u00a0wyprawy te\u00a0nie dosz\u0142y do\u00a0skutku. Czasami, g\u0142\u00f3wnie za spraw\u0105 pasjonat\u00f3w okre\u015blonych form turystyki, odbywa\u0142y si\u0119 imprezy nieco bardziej nietypowe, np. ob\u00f3z rowerowy po\u00a0NRD w\u00a01978 r., obozy je\u017adzieckie w\u00a01979 i\u00a01980 r. czy sp\u0142yw kajakowy w\u00a01980 r. I\u00a0tak \u017cycie \u00f3wczesnych Klubowicz\u00f3w p\u0142yn\u0119\u0142o spokojnie a\u017c do\u00a0roku 1981.<\/p>\n<p align=\"left\">Coraz bardziej komplikuj\u0105ca si\u0119 sytuacja w\u00a0polityce wewn\u0119trznej i\u00a0mi\u0119dzynarodowej dotkn\u0119\u0142a r\u00f3wnie\u017c grono Dreptak\u00f3w. Latem 1981 r. nie dosz\u0142y do\u00a0skutku obozy w\u00a0Rumunii i\u00a0Bu\u0142garii. W\u00a0listopadzie 1981 r. Dreptak czynnie uczestniczy w\u00a0strajku na\u00a0uczelni i\u00a0gdy wszystko powoli zaczyna wraca\u0107 do\u00a0normy nadchodzi stan wojenny, kt\u00f3ry w\u00a0praktyce uniemo\u017cliwia Klubowi dzia\u0142alno\u015b\u0107 turystyczn\u0105. W\u00a0lecie 1982 r. udaje si\u0119 zorganizowa\u0107 jedynie dwa obozy, a\u00a0i\u00a0to\u00a0wymaga\u0142o za\u0142atwienia kilogram\u00f3w niezb\u0119dnych zezwole\u0144. Na\u00a0szcz\u0119\u015bcie stan wojenny dobiega ko\u0144ca i Klub mo\u017ce ponownie dzia\u0142a\u0107 w\u00a0normalnych warunkach. Klub wkracza w\u00a0wiek dojrza\u0142y, wraz z\u00a0kt\u00f3rym zaczynaj\u0105 si\u0119 powoli jego k\u0142opoty. Od\u00a0pewnego ju\u017c czasu cierpia\u0142 na\u00a0brak zainteresowania ze\u00a0strony student\u00f3w pierwszych lat, co\u00a0w\u00a01983 r. doprowadza do\u00a0pierwszej powa\u017cnej zapa\u015bci. Okazuje si\u0119 \u017ce\u00a0niemal wszyscy cz\u0142onkowie robi\u0105 dyplomy i\u00a0szykuj\u0105 si\u0119 do\u00a0opuszczenia Uczelni. Kryzysow\u0105 sytuacj\u0119 udaje si\u0119 za\u017cega\u0107 i\u00a0Klub, cho\u0107 ju\u017c znacznie os\u0142abiony, nadal funkcjonuje. Sytuacja powtarza si\u0119 na\u00a0pocz\u0105tku lat 90. Sytuacja polityczna skutkuje zmian\u0105 g\u00f3rnolotnego zami\u0142owania do\u00a0turystyki, na\u00a0przyziemn\u0105 pogo\u0144 za pieni\u0105dzem. Id\u0105ce za tym malej\u0105ce zainteresowanie student\u00f3w powoduje, \u017ce\u00a0w\u00a01995\u00a0r. Dreptak w\u00a0swoim dotychczasowym kszta\u0142cie praktycznie przestaje istnie\u0107.<\/p>\n<p align=\"left\">Nast\u0119pnie, jedynie od\u00a0czasu do\u00a0czasu spotyka si\u0119 w\u00a0siedzibie Dreptaka kilku ludzi, kto\u015b organizuje jaki\u015b wyjazd firmuj\u0105c go nazw\u0105 Klubu. Jednak ze\u00a0starym Klubem nie mia\u0142o to\u00a0wiele wsp\u00f3lnego. Wa\u017cn\u0105 rol\u0119 odegra\u0142 nasz obecny opiekun, dr hab. in\u017c. R. Robert Gajewski. Wraz ze\u00a0swoim zespo\u0142em \u201eDzwony Gajowego\u201d podtrzymywa\u0142 istnienie Dreptaka umo\u017cliwiaj\u0105c mu prze\u017cycie. Aby pokaza\u0107, \u017ce\u00a0Klub nadal dzia\u0142a, uchwalono 10.06.1998 r. nowy statut. I\u00a0tak stan ten trwa\u0142, a\u017c do pewnego dnia&#8230;<\/p>\n<p align=\"left\">G\u0142ow\u0119 jednego ze\u00a0student\u00f3w naszego Wydzia\u0142u zacz\u0119\u0142y zaprz\u0105ta\u0107 my\u015bli dlaczego inne wydzia\u0142y maj\u0105 swoje Kluby, a\u00a0In\u017cynieria L\u0105dowa nie. Kamil Bystrzy\u0144ski, bo\u00a0o\u00a0nim\u00a0mowa, ustali\u0142 \u017ce\u00a0kiedy\u015b na\u00a0Wydziale In\u017cynierii L\u0105dowej by\u0142 klub zrzeszaj\u0105cy mi\u0142o\u015bnik\u00f3w turystyki i dotar\u0142 do\u00a0doktora\u00a0Gajewskiego. Razem postanowili reaktywowa\u0107 Klub. W\u00a0rezultacie 17.04.2000\u00a0r. zosta\u0142 powo\u00ad\u0142any nowy, sze\u015bcioosobowy sk\u0142ad Zarz\u0105du, a\u00a0ju\u017c 20.12.2000\u00a0r. uchwalono nowy Statut. Powsta\u0142o r\u00f3wnie\u017c nowe logo, podkre\u015blaj\u0105ce \u201ewkroczenie Klubu na\u00a0now\u0105 drog\u0105 \u017cycia\u201d.<\/p>\n<p align=\"left\"><i>Histori\u0119 spisa\u0142 Przemys\u0142aw Wi\u0119ch. <\/i><\/p>\n<p align=\"left\"><i>Na potrzeby Dnia Wydzia\u0142u In\u017cynierii L\u0105dowej odbywaj\u0105cego si\u0119 03.06.2011r. tekst przeredagowa\u0142 Bartosz Fornalski.<\/i><\/p>\n<p>&nbsp;<\/p>\n<p><b>DREPTAK DZI\u015a<\/b><\/p>\n<p><b>\u00a0<\/b><\/p>\n<p align=\"left\">Klub Turystyki Wszelakiej Dreptak zrzesza mi\u0142o\u015bnik\u00f3w turystyki z ca\u0142ej Politechniki Warszawskiej. Dzia\u0142alno\u015b\u0107 Klubu polega na organizowaniu rajd\u00f3w skierowanych do wszystkich student\u00f3w Politechniki Warszawskiej. Post\u0119p technologii umo\u017cliwia nam promowanie wyjazd\u00f3w na wszystkich wydzia\u0142ach w szybki i \u0142atwy spos\u00f3b. Dzi\u0119ki temu, zainteresowanie naszymi rajdami jest du\u017ce, a cz\u0119sto nawet brakuje miejsc dla os\u00f3b, kt\u00f3re nie zd\u0105\u017cy\u0142y zapisa\u0107 si\u0119 na wyjazd.<\/p>\n<p align=\"left\">Zarz\u0105d Klubu dba, aby co roku odbywa\u0142y si\u0119 trzy tradycyjne Rajdy Dreptaka. \u201eRajd Pierwszego Roku\u201d organizowany na pocz\u0105tku roku akademickiego, ma na\u00a0celu zainteresowanie nowoprzyj\u0119tych student\u00f3w dzia\u0142alno\u015bci\u0105 Klubu. \u201eRajd Nietoperz\u201d odbywaj\u0105cy si\u0119 na\u00a0prze\u0142omie marca i\u00a0kwietnia zawsze zawiera\u00a0\u00a0w sobie nocne przej\u015bcie szlakiem g\u00f3rskim, a czerwcowy\u00a0\u201eRajd Cielak\u201d zawdzi\u0119cza swoj\u0105 nazw\u0119 pieczonemu na\u00a0nim cielakowi (cytuj\u0105c za kronik\u0105 z\u00a01977 r.: \u201eCiel\u0119 wa\u017cy\u0142o 64 kg i\u00a0kosztowa\u0142o 2240 z\u0142\u201d). Ponadto, nasz Klub organizuje r\u00f3wnie\u017c inne wyjazdy odbywaj\u0105ce si\u0119 o ka\u017cdej porze roku takie jak rajdy piesze, g\u00f3rskie, wspinaczkowe, rowerowe, wyjazdy do znanych polskich i europejskich miast, wyjazdy na wydarzenia kulturalne, narty, \u017cagle, kajaki.<\/p>\n<p align=\"left\">Chc\u0105c skr\u00f3ci\u0107 czas oczekiwania na kolejny rajd, co tydzie\u0144, w czwartki po godzinie 18, spotykamy si\u0119 w naszej siedzibie, aby planowa\u0107 kolejne wyjazdy i wspomina\u0107 minione. Kilkuletni\u0105 tradycj\u0105 jest pokaz zdj\u0119\u0107 z ostatniego odbytego rajdu, na kt\u00f3rym mamy okazj\u0119 powspomina\u0107 najmilsze chwile sp\u0119dzone na wyje\u017adzie. Wspania\u0142\u0105 atmosfer\u0119 spotka\u0144 pot\u0119guje nietypowy wystr\u00f3j siedziby, kt\u00f3ra urz\u0105dzona jest w prawdziwie g\u00f3rskim stylu. Drewniany st\u00f3\u0142 i \u0142awy \u015bwietnie oddaj\u0105 klimat schroniska, w kt\u00f3rym jak\u017ce cz\u0119sto mamy okazj\u0119 bawi\u0107 si\u0119 na rajdach. Na co dzie\u0144, gdy nie mamy mo\u017cliwo\u015bci wyjazdu ze stolicy, w pe\u0142ni zadowalamy si\u0119 atmosfer\u0105 Dreptak\u00f3wki.<\/p>\n<p align=\"left\">Je\u015bli masz dusz\u0119 w\u0119drowca i nie oboj\u0119tne jest Ci w jaki spos\u00f3b sp\u0119dzasz wolny czas, przyjd\u017a i poznaj nas. Mo\u017ce zdecydujesz si\u0119 wyjecha\u0107 z nami w g\u00f3ry, a potem do\u0142\u0105czy\u0107 do naszego Klubu.<\/p>\n<p align=\"left\">\u00a0\u00a0\u00a0\u00a0\u00a0\u00a0\u00a0\u00a0\u00a0\u00a0\u00a0 Siedziba Klubu czyli tzw. &#8222;Dreptak\u00f3wka&#8221; mie\u015bci si\u0119 na Wydziale In\u017cynierii L\u0105dowej PW w pokoju 238 A. Mo\u017cna nas zasta\u0107 w ka\u017cdy czwartek po godz. 18. Zach\u0119camy r\u00f3wnie\u017c do odwiedzania naszej strony internetowej\u00a0<a href=\"http:\/\/www.dreptak.webd.pl\/\" target=\"_blank\">www.dreptak.webd.pl<\/a>\u00a0i fanpage\u2019a na facebooku, na kt\u00f3rych znajduj\u0105 si\u0119 aktualne informacje na temat kolejnych rajd\u00f3w.<\/p>\n<p align=\"left\"><i>Tekststworzy\u0142 Bartosz Fornalski, na potrzeb\u0119 powstania tej strony tekst przeredagowa\u0142a Ma\u0142gorzata Siedlaczek.<\/i><\/p>\n","protected":false},"excerpt":{"rendered":"<p>HISTORY OF ALL-KIND-OF-TOURISM CLUB DREPTAK The Club was established on 05.11.1968 as a Club of Walking Tourism Dreptak (Klub Turystyki Pieszej Dreptak. On 12.11.1976 Club name was changed to All-Kind-Of-Tourism&#8230;<\/p>\n","protected":false},"author":8,"featured_media":0,"parent":1040,"menu_order":0,"comment_status":"closed","ping_status":"closed","template":"","meta":{"jetpack_post_was_ever_published":false,"_links_to":"","_links_to_target":""},"jetpack_sharing_enabled":true,"jetpack_shortlink":"https:\/\/wp.me\/P76D03-gW","_links":{"self":[{"href":"https:\/\/dreptak.il.pw.edu.pl\/index.php?rest_route=\/wp\/v2\/pages\/1050"}],"collection":[{"href":"https:\/\/dreptak.il.pw.edu.pl\/index.php?rest_route=\/wp\/v2\/pages"}],"about":[{"href":"https:\/\/dreptak.il.pw.edu.pl\/index.php?rest_route=\/wp\/v2\/types\/page"}],"author":[{"embeddable":true,"href":"https:\/\/dreptak.il.pw.edu.pl\/index.php?rest_route=\/wp\/v2\/users\/8"}],"replies":[{"embeddable":true,"href":"https:\/\/dreptak.il.pw.edu.pl\/index.php?rest_route=%2Fwp%2Fv2%2Fcomments&post=1050"}],"version-history":[{"count":3,"href":"https:\/\/dreptak.il.pw.edu.pl\/index.php?rest_route=\/wp\/v2\/pages\/1050\/revisions"}],"predecessor-version":[{"id":1076,"href":"https:\/\/dreptak.il.pw.edu.pl\/index.php?rest_route=\/wp\/v2\/pages\/1050\/revisions\/1076"}],"up":[{"embeddable":true,"href":"https:\/\/dreptak.il.pw.edu.pl\/index.php?rest_route=\/wp\/v2\/pages\/1040"}],"wp:attachment":[{"href":"https:\/\/dreptak.il.pw.edu.pl\/index.php?rest_route=%2Fwp%2Fv2%2Fmedia&parent=1050"}],"curies":[{"name":"wp","href":"https:\/\/api.w.org\/{rel}","templated":true}]}}